Let b(i) = -i + 3. What is b(p)?
-2
Let k(b) = -b - 1. Let j(l) = -l - 19. Let x be j(0). Let m = x + 42. Suppose -3*w + 9 = 5*z, 0*w + 5*z = 4*w + m. Calculate k(w).
1
Let y(c) = -2 - 21*c**2 - 10*c**2 + 41*c**2 + 2*c - 19*c**2. What is y(1)?
-9
Let j(o) = -o**2 - 7*o + 4. Let y(q) = 3*q**2 + 2*q + 7. Let d be y(4). Suppose -11*z = -2*z + d. Calculate j(z).
4
Let y(z) = z - 1. Let p(c) = c**3 - 5*c**2 - 2*c + 6. Let d = -13 - -19. Let a(q) = d*y(q) + p(q). Suppose -3*h - 24 = -11*h. Calculate a(h).
-6
Let h(s) = 7*s**3 + 11*s**2 - s - 11. Let z(l) = l**3 - 2*l**2 - 2*l. Let i(j) = -h(j) + 5*z(j). Determine i(-10).
1
Let c be 8500/(-952) - 2/28. Let q(p) = 7*p + 67. Calculate q(c).
4
Suppose 0 = -2*f + 2*h + 26, -f - f = -h - 21. Let b(n) = -f*n + 8 + 9*n - 4 + n**3. What is b(0)?
4
Let w(t) = t**3 - 5*t**2 + 4*t - 5. Let l be 11/((-330)/(-140)) + (-6)/9. What is w(l)?
-5
Suppose -3*d = -4*w - 53, -4*w - 41 = -2*d - 3. Let g = d - 12. Let h(x) = g*x**2 - 4 + 3 - 2*x**2 + 3 + 6*x. Give h(-3).
-7
Let v(j) = 11*j**2 - 21*j - 5. Let l(y) = -5*y**2 + 10*y + 2. Let k(a) = -7*l(a) - 3*v(a). Calculate k(4).
5
Let d(r) be the second derivative of r**5/20 + r**4/4 - r**3/3 - 45*r. Calculate d(-3).
6
Let a(w) = 3*w. Let r be -1*36/(-3 + 6). Let p = 8 + r. Let q be (-22 - 2)/p - 3. Determine a(q).
9
Let n = -23 - -31. Let x(f) = n + 4 - 6 - 4 + f**2 + f**3. Determine x(0).
2
Let u(h) be the first derivative of -1/2*h**2 + 11*h + 3. Let g be (-2)/(30/9)*-10. What is u(g)?
5
Let a(g) = -3*g - 2. Let u(q) = 5*q + 3. Let r(w) = -7*a(w) - 4*u(w). Determine r(-2).
0
Suppose 4 = 5*h + 39. Let u = h + 12. Let f(y) = y**3 + 4*y**2 - 4*y - 2. Let q(x) = 5*x**3 + 15*x**2 - 16*x - 7. Let n(o) = 9*f(o) - 2*q(o). Determine n(u).
1
Let r(p) = -p**3 - p**2 + p + 11. Let a(y) be the second derivative of y**4/12 + y**3/3 - 8*y. Let w be (3 - 2)*(-1 - 1). Let v be a(w). Determine r(v).
11
Let p(o) = -o. Let r(l) = l**3 - 3*l**2 + l - 2. Let f be r(3). Suppose -f = -s + w, w - 4 = 5*w. Let a(b) = -b**2 + 2*b - 2. Let d be a(s). Give p(d).
2
Let u(n) = n**3 - 2*n**2 + 2*n - 2. Let y(d) = -8*d**3 + 20*d**2 - 22*d + 20. Let t(x) = -7*u(x) - y(x). Calculate t(3).
-9
Let k(u) = 11*u - 4. Let c(p) = p + 48. Let j be c(-46). Give k(j).
18
Let p(s) = -45*s + 3. Let h(c) = 7*c - 1. Let k(w) = 13*h(w) + 2*p(w). Suppose -2*i + 0 = -5*o + 19, -20 = -o - 5*i. Calculate k(o).
-2
Suppose -2*g - g + 84 = 0. Let j = -28 + g. Let u(l) = -l**2 + l - 15. Determine u(j).
-15
Let a = -159 + 151. Let b(c) = c**3 + 7*c**2 - 8*c - 5. Determine b(a).
-5
Let u = 19 + -7. Let o(t) = -5 - 1 + t**3 - 13*t**2 + 13 + 12*t - 8. Let p be o(u). Let c(d) = 3*d**2 - 2*d - 1. Calculate c(p).
4
Let w(r) = -3*r + 3. Let c(b) = -b**3 - b**2 + 23. Let t be c(0). Let g = t + -20. What is w(g)?
-6
Let p(m) = -8*m**2 + 7*m - 10*m**2 - 4 + 17*m**2. Let j = -51 - -55. Give p(j).
8
Let v(g) = -177*g + 80*g + 87*g. Let l(q) = -4*q**3 + 2*q**2 - 1. Let k be l(1). Let t = 2 + k. What is v(t)?
10
Let o(n) = n**2 + 3*n + 14. Let m(t) = 5*t**2 + 9*t + 56. Let q(r) = -2*m(r) + 9*o(r). Determine q(11).
-8
Let c(j) = -4*j + 46. Let d be c(12). Let g(l) be the first derivative of l**2/2 + 2. Determine g(d).
-2
Let j(y) = -y + 3. Let x(h) = -h**2 - 3*h + 7. Let k be 1 + (-3 - 0) + -3. Let c be x(k). What is j(c)?
6
Let h(p) = p**3 + 5*p**2 + 2*p + 4. Suppose 3*r - 3*d = 12, 3*r + 20 = -7*d + 2*d. Suppose -5*m - 25 + 0 = r. What is h(m)?
-6
Suppose -5*o + 24 = -2*o. Let h(p) be the second derivative of 7/12*p**4 + 0 + o*p + 1/3*p**3 + 1/2*p**2. Determine h(-1).
6
Let x(i) = -i**3 - i**2 + i - 10. Let z be (30/(-15))/(4/26). Let v = z - -13. Calculate x(v).
-10
Let j(q) = -q + 19. Suppose 5*a - 105 = -5*m, -4*a = 4*m - 5*m - 69. What is j(a)?
1
Let g = -813 - -820. Let h(f) = 0*f + f - 9 + 0*f. Determine h(g).
-2
Let m(g) = -6*g**2 - 51*g - 24. Let u(h) = -h**2 - 10*h - 5. Let t(l) = 2*m(l) - 11*u(l). What is t(8)?
7
Let g = 86 + -88. Let i(w) = -2*w**2. Calculate i(g).
-8
Let x be (0 + 1)/(1/(-6)). Let a(j) = -5*j - 26. Let n be a(x). Let f(q) = q**2 - 6*q + 6. What is f(n)?
-2
Let y = -5 + 7. Suppose -3*o = 4*p + 2*o, p - y*o - 13 = 0. Let s(g) be the third derivative of g**5/60 - g**4/4 - g**3/6 + g**2. Calculate s(p).
-6
Let c(t) = t**3 - 13*t**2 - 15*t - 11. Let r be 1/2 + -27*7/(-14). Determine c(r).
-25
Let x be 1/3 - (20/(-12) + -2). Let b(d) = 4 + 0 - 2 - x*d - 3. What is b(-3)?
11
Let h(v) = 0*v**2 + v + 5 + 4*v - v**2. Suppose -29*f = -32*f + 9. Suppose -7*q = -f*q - 24. What is h(q)?
-1
Let g(t) = -8*t**3 - 2*t**2 + 2*t + 2. Let c be (-2 + 5/(-10))*(-4)/(-5). Give g(c).
54
Let h be ((-44)/(-6))/((-14)/21). Let g = 19 + h. Let b = 4 - g. Let x(z) = -z**3 - 4*z**2 - z - 5. What is x(b)?
-1
Suppose -48*y + 173 = -67. Let z(n) = -n**3 + 4*n**2 + 5*n - 7. Give z(y).
-7
Let k(t) = t**2 + 1. Let v be (-2)/9 - 195/(-27). Let w be 35/(-7) + -2 + v. Calculate k(w).
1
Let q = 3 - 1. Let o(k) = -6*k**q + 3*k + 7*k**2 - 10*k. Determine o(5).
-10
Let x = 2/73 + 69/146. Let r(v) be the second derivative of 0 - x*v**3 + 3*v - 7/2*v**2. Calculate r(-5).
8
Suppose -4*p = -81 + 13. Let a = p + -13. Let s(y) = -104*y**2 + 5 + 203*y**2 - 4*y - 98*y**2. Determine s(a).
5
Let k(b) = 15*b + 1. Let j be k(1). Suppose -4*d + j = -0*d. Let r(p) = -6*p**2 + 9*p - 3. Let i(l) = l**2 - l + 1. Let x(a) = -5*i(a) - r(a). Give x(d).
-2
Suppose 5*j = -4*l + 33, -4 = -4*l - 4*j + 28. Let m(h) = h**3 - 6*h**2 - 7*h - 3. Give m(l).
-3
Let c(g) = -23*g**3 + g**2 + 7. Let w(x) = -22*x**3 + 2*x**2 + 10. Let u(a) = -3*c(a) + 2*w(a). Determine u(1).
25
Let a = -3602 + 3601. Let x(i) = -5*i - 2 - 6*i + 1. Determine x(a).
10
Let q(g) be the first derivative of -g**2 + 6*g + 659. Determine q(-8).
22
Suppose -w + 5*g - 19 + 0 = 0, 0 = 3*w + 4*g. Let u(p) be the first derivative of -5*p + 1 - 4/3*p**3 - 1/4*p**4 + 0*p**2. Calculate u(w).
-5
Let u(y) = -5*y - 4. Let z(m) = -6*m - 5. Let a(o) = 3*u(o) - 2*z(o). Let t = 1 + -4. Let i(f) = -2*f - 2. Let w(q) = t*a(q) + 4*i(q). Calculate w(3).
1
Let b(o) = -3*o**3 + 4*o**2 - 6*o + 18. Let z(m) = 5*m**3 - 7*m**2 + 12*m - 33. Let q(d) = 7*b(d) + 4*z(d). Calculate q(4).
-46
Let o(i) = i**3 - 43*i**2 + 84*i**2 - 2*i - 2 - 44*i**2 + i**3 + 1. What is o(3)?
20
Suppose -61 = 4*m + 31. Let s = 22 + m. Let t(k) = -7*k**3 + k**2 + k. Calculate t(s).
7
Let g(w) = -15 - 5*w + 6*w - w**2 - 4*w**2 + 4*w**2. Determine g(0).
-15
Let c = -18 - -72. Let r = -48 + c. Let k(g) = -g - 1. Give k(r).
-7
Let o be (-36)/(-15)*-3*(-50)/45. Let y(d) = -d**2 + 9*d + 13. Let i(w) = -2*w**2 + 18*w + 25. Let h(m) = -3*i(m) + 5*y(m). What is h(o)?
-18
Suppose 5*o - 2*t = -0*t - 10, -2*t - 22 = 3*o. Let p(h) be the third derivative of h**6/120 + h**5/15 - h**4/24 - h**3/2 + h**2. Determine p(o).
1
Let f(w) = w**2 - 12*w - 89. Let u be f(17). Let l(s) = -s**3 - 3*s**2 + s - 8. Determine l(u).
4
Let z(j) = j**3 - 2*j**2 - 2*j - 1. Let c = 165 + -168. Give z(c).
-40
Let o be ((-4)/8)/(-3 - (-33)/12). Suppose 0 = -4*n, 4*i + o*n - 8 = 7*n. Let g(c) = 5*c - 2. Determine g(i).
8
Let g(y) = -y**2 + 4*y + 1. Suppose -2 = -l - 0. Let a(f) = -32*f**3 - f + 36*f**3 + f**l + f**2. Let k be a(1). What is g(k)?
-4
Let h(q) = 4*q - 17. Let m be h(7). Suppose -3*w = -m - 10. Let o be 0 - -1 - (3 - w). Let k(u) = -u**3 + 6*u**2 - 6*u + 7. Determine k(o).
2
Let p(a) = a**2 - 9*a + 11. Let g be p(8). Let k(o) = -4*o**2 - o + 3*o - g*o. Calculate k(-1).
-3
Let d(j) = j**3 + j**2 - j + 3. Let l be d(0). Suppose 2 = -l*b + 17. Suppose -4*x = -b - 23. Let f(i) = -i**2 + 9*i - 8. Calculate f(x).
6
Let o(r) = -r**3 + 20*r**2 - 19*r. Let d(t) = 22*t**2 - t - 4. Let i be d(-1). Calculate o(i).
0
Let a(s) = -2*s + 0*s - 6 - 2*s**2 + 7 + 3*s**2. Let v(n) = -n**2 - 8*n + 2. Let i be v(-8). Calculate a(i).
1
Suppose -24*g + 18*g = 12. Let p(b) be the second derivative of b**3/6 + 2*b**2 + 32*b + 2. Calculate p(g).
2
Let q be (5/15 - 1)*-12 - 5. Let u(w) = 4*w - 2. What is u(q)?
10
Let p(a) be the third derivative of -a**8/6720 - a**7/360 - a**6/90 - a**5/30 - 23*a**4/24 + 4*a**2. Let s(l) be the second derivative of p(l). Determine s(-6).
8
Let s be 12/18 + 7/3. Suppose 0*q - 10 = q + s*w, -6 = -5*q - w. Let h(k) = -2*k**2 + 1 - k**2 - 2*k**3 + 8*k**q - 7*k**2. Determine h(1).
-3
S